{"id":21,"date":"2014-11-19T05:35:22","date_gmt":"2014-11-19T05:35:22","guid":{"rendered":"http:\/\/www.dinamicafiscal.com\/?page_id=21"},"modified":"2024-11-24T21:39:35","modified_gmt":"2024-11-24T21:39:35","slug":"lista-de-precios","status":"publish","type":"page","link":"https:\/\/www.dinamicafiscal.com\/?page_id=21","title":{"rendered":"Lista de Precios"},"content":{"rendered":"\n<p>&nbsp;<\/p>\n\n\n\n<figure class=\"wp-block-table\"><table class=\"has-fixed-layout\"><tbody><tr><td><span style=\"color: #000000;\"><strong>SERVICIOS<\/strong><\/span><\/td><td><span style=\"color: #000000;\"><strong>COSTO<\/strong><\/span><\/td><td><span style=\"color: #000000;\"><strong>OBSERVACIONES<\/strong><\/span><\/td><\/tr><tr><td><span style=\"color: #000000;\">Hora de asesor\u00eda (Online)<\/span><\/td><td><span style=\"color: #000000;\">&nbsp;$ 800.00<\/span><\/td><td><span style=\"color: #000000;\">Aplica para cualquier sistema<\/span><\/td><\/tr><tr><td><span style=\"color: #000000;\">Instalaci\u00f3n de terminal<\/span><\/td><td><span style=\"color: #000000;\">&nbsp;$ 800.00<\/span><\/td><td><span style=\"color: #000000;\">Aplica para un m\u00e1ximo de 5 estaciones de un solo sistema<\/span><\/td><\/tr><tr><td><span style=\"color: #000000;\">Respaldo y revocaci\u00f3n de licencia<\/span><\/td><td><span style=\"color: #000000;\">&nbsp;$ 800.00<\/span><\/td><td><span style=\"color: #000000;\">Aplica para un m\u00e1ximo de 5 empresas<\/span><\/td><\/tr><tr><td><span style=\"color: #000000;\">Reinstalaci\u00f3n del sistema<\/span><\/td><td><span style=\"color: #000000;\">&nbsp;$ 800.00<\/span><\/td><td><span style=\"color: #000000;\">Aplica para un sistema respaldado hasta un m\u00e1ximo de 5 empresas<\/span><\/td><\/tr><tr><td><span style=\"color: #000000;\">Creaci\u00f3n de empresa (CFDI) En FE<\/span><\/td><td><span style=\"color: #000000;\">&nbsp;$ 1,500.00<\/span><\/td><td><span style=\"color: #000000;\">Una empresa CFDi + Introducci\u00f3n al sistema<\/span><\/td><\/tr><tr><td><span style=\"color: #000000;\">Creaci\u00f3n de empresa (CFDI) <\/span>En Nominas <\/td><td><span style=\"color: #000000;\">&nbsp;$ 1,750.00<\/span><\/td><td><span style=\"color: #000000;\"><span style=\"color: #000000;\">Una empresa CFDi + Introducci\u00f3n al sistema<\/span><\/span><\/td><\/tr><tr><td><span style=\"color: #000000;\">Modificaci\u00f3n de plantilla<\/span><\/td><td><span style=\"color: #000000;\">&nbsp;$ 1,000.00<\/span><\/td><td><span style=\"color: #000000;\">Campos extra en formato est\u00e1ndar (M\u00e1ximo 3)<\/span><\/td><\/tr><tr><td><span style=\"color: #000000;\">Creaci\u00f3n de plantilla para Facturaci\u00f3n<\/span><\/td><td><span style=\"color: #000000;\">&nbsp;$ 2,000.00<\/span><\/td><td><span style=\"color: #000000;\">A gusto del cliente con campos obligatorios.<\/span><\/td><\/tr><tr><td><span style=\"color: #000000;\">Paquete de 5 horas\u00a0<\/span><\/td><td><span style=\"color: #000000;\">&nbsp;$ 3,600.00<\/span><\/td><\/tr><tr><td><span style=\"color: #000000;\">Paquete de 10 horas<\/span><\/td><td><span style=\"color: #000000;\">&nbsp;$ 7,200.00<\/span><\/td><\/tr><tr><td><span style=\"color: #000000;\">Instalaci\u00f3n de Microsoft Office 365<\/span><\/td><td><span style=\"color: #000000;\">&nbsp;$ 800.00<\/span><\/td><\/tr><tr><td>Configuraci\u00f3n de Outlook<\/td><td><span style=\"color: #000000;\">&nbsp;$ 800.00<\/span><\/td><\/tr><tr><td><span style=\"color: #000000;\">Formateo *<\/span><\/td><td><span style=\"color: #000000;\">&nbsp;$ 2,000.00<\/span><\/td><td><span style=\"color: #000000;\">Formateo, instalaci\u00f3n de Windows, office<\/span> y sistemas ContPaqi<\/td><\/tr><tr><td><span style=\"color: #000000;\">Configuraci\u00f3n de reportes <\/span><br><span style=\"color: #000000;\">(Hoja electr\u00f3nica)<\/span><\/td><td><span style=\"color: #000000;\">&nbsp;$ 2,000.00<\/span><\/td><\/tr><\/tbody><\/table><\/figure>\n\n\n\n<p>&nbsp;<\/p>\n","protected":false},"excerpt":{"rendered":"<p>&nbsp; SERVICIOS COSTO OBSERVACIONES Hora de asesor\u00eda (Online) &nbsp;$ 800.00 Aplica para cualquier sistema Instalaci\u00f3n de terminal &nbsp;$ 800.00 Aplica para un m\u00e1ximo de 5 estaciones de un solo sistema Respaldo y revocaci\u00f3n de licencia &nbsp;$ 800.00 Aplica para un&hellip; <\/p>\n","protected":false},"author":1,"featured_media":0,"parent":0,"menu_order":4,"comment_status":"closed","ping_status":"closed","template":"","meta":{"footnotes":""},"class_list":["post-21","page","type-page","status-publish","hentry"],"_links":{"self":[{"href":"https:\/\/www.dinamicafiscal.com\/index.php?rest_route=\/wp\/v2\/pages\/21","targetHints":{"allow":["GET"]}}],"collection":[{"href":"https:\/\/www.dinamicafiscal.com\/index.php?rest_route=\/wp\/v2\/pages"}],"about":[{"href":"https:\/\/www.dinamicafiscal.com\/index.php?rest_route=\/wp\/v2\/types\/page"}],"author":[{"embeddable":true,"href":"https:\/\/www.dinamicafiscal.com\/index.php?rest_route=\/wp\/v2\/users\/1"}],"replies":[{"embeddable":true,"href":"https:\/\/www.dinamicafiscal.com\/index.php?rest_route=%2Fwp%2Fv2%2Fcomments&post=21"}],"version-history":[{"count":10,"href":"https:\/\/www.dinamicafiscal.com\/index.php?rest_route=\/wp\/v2\/pages\/21\/revisions"}],"predecessor-version":[{"id":174,"href":"https:\/\/www.dinamicafiscal.com\/index.php?rest_route=\/wp\/v2\/pages\/21\/revisions\/174"}],"wp:attachment":[{"href":"https:\/\/www.dinamicafiscal.com\/index.php?rest_route=%2Fwp%2Fv2%2Fmedia&parent=21"}],"curies":[{"name":"wp","href":"https:\/\/api.w.org\/{rel}","templated":true}]}}